{"id":378,"date":"2020-01-24T11:57:06","date_gmt":"2020-01-24T10:57:06","guid":{"rendered":"http:\/\/qigong-kurs.info\/?page_id=378"},"modified":"2023-07-13T10:03:10","modified_gmt":"2023-07-13T09:03:10","slug":"einzelstunden","status":"publish","type":"page","link":"https:\/\/qigong-kurs.info\/?page_id=378","title":{"rendered":"Einzelstunden"},"content":{"rendered":"<p>Gerne k\u00f6nnen Sie auch Einzelstunden buchen.<\/p>\n<p>Einzelstunden finden in Wohlf\u00fchlatmosph\u00e4re in Unterb\u00f6hringen statt. Denn oft ist der \u00dcbungsraum, in dem die offenen Qigong-Kurse stattfinden, nicht sehr einladend.<\/p>\n<p>Ein Wohlf\u00fchlen schon beim Betreten eines Raumes steigert die Harmonie und tr\u00e4gt viel zum Erfolg von Qigong bei.<\/p>\n<p>Wir k\u00f6nnen dann gezielt auf Ihre Bed\u00fcrfnisse (z.B. Bluthochdruck, Burn out, Schlafst\u00f6rungen, u.v.m.) eingehen und auch eine \u00dcbungsreihe speziell f\u00fcr Sie erarbeiten.<\/p>\n<p>Bitte setzen Sie sich wegen einem Termin mit mir in Verbindung oder sprechen Sie mich nach den Kursen darauf an.<\/p>\n<p>Preis f\u00fcr 60 Min. :\u00a0\u00a0\u00a0\u00a0 60.-<\/p>\n<p>&nbsp;<\/p>\n","protected":false},"excerpt":{"rendered":"<p>Gerne k\u00f6nnen Sie auch Einzelstunden buchen. Einzelstunden finden in Wohlf\u00fchlatmosph\u00e4re in Unterb\u00f6hringen statt. Denn oft ist der \u00dcbungsraum, in dem die offenen Qigong-Kurse stattfinden, nicht sehr einladend. Ein Wohlf\u00fchlen schon beim Betreten eines Raumes steigert die Harmonie und tr\u00e4gt viel zum Erfolg von Qigong bei. Wir k\u00f6nnen dann gezielt auf Ihre Bed\u00fcrfnisse (z.B. Bluthochdruck, Burn &hellip; <\/p>\n<p class=\"link-more\"><a href=\"https:\/\/qigong-kurs.info\/?page_id=378\" class=\"more-link\"><span class=\"screen-reader-text\">\u201eEinzelstunden\u201c<\/span> weiterlesen<\/a><\/p>\n","protected":false},"author":1,"featured_media":0,"parent":0,"menu_order":0,"comment_status":"closed","ping_status":"closed","template":"","meta":{"footnotes":""},"class_list":["post-378","page","type-page","status-publish","hentry"],"_links":{"self":[{"href":"https:\/\/qigong-kurs.info\/index.php?rest_route=\/wp\/v2\/pages\/378","targetHints":{"allow":["GET"]}}],"collection":[{"href":"https:\/\/qigong-kurs.info\/index.php?rest_route=\/wp\/v2\/pages"}],"about":[{"href":"https:\/\/qigong-kurs.info\/index.php?rest_route=\/wp\/v2\/types\/page"}],"author":[{"embeddable":true,"href":"https:\/\/qigong-kurs.info\/index.php?rest_route=\/wp\/v2\/users\/1"}],"replies":[{"embeddable":true,"href":"https:\/\/qigong-kurs.info\/index.php?rest_route=%2Fwp%2Fv2%2Fcomments&post=378"}],"version-history":[{"count":10,"href":"https:\/\/qigong-kurs.info\/index.php?rest_route=\/wp\/v2\/pages\/378\/revisions"}],"predecessor-version":[{"id":628,"href":"https:\/\/qigong-kurs.info\/index.php?rest_route=\/wp\/v2\/pages\/378\/revisions\/628"}],"wp:attachment":[{"href":"https:\/\/qigong-kurs.info\/index.php?rest_route=%2Fwp%2Fv2%2Fmedia&parent=378"}],"curies":[{"name":"wp","href":"https:\/\/api.w.org\/{rel}","templated":true}]}}